Let t(v) = -5*v - v + 4*v - v**q. Calculate t(-3).
-3
Let g(i) = -i**2 + 22*i - 49. Let m be g(20). Let k(x) be the third derivative of -x**5/60 - x**4/3 + 3*x**3/2 + 4*x**2 + 10*x. Calculate k(m).
0
Let o(j) be the third derivative of -j**5/12 - j**4/12 + 2*j**3/3 + 2*j**2 + 38. Calculate o(-3).
-35
Let j(r) = -3*r - 22. Let u be 1/(10/(-110))*1. Determine j(u).
11
Let c(x) = -16*x**3 - 6*x + 16. Let h(k) = -43*k**3 + k**2 - 18*k + 48. Let j(p) = -8*c(p) + 3*h(p). Calculate j(3).
-2
Let n(m) be the second derivative of m**5/20 + m**4/3 - m**3/3 + m**2 + 2*m. Suppose -4*v - 80 = -0*v. Let c = v + 16. What is n(c)?
10
Let c(y) = 3*y - 2. Let m(l) = -5*l - 8*l + l + 16*l - 3. Let v(d) = 5*c(d) - 4*m(d). Suppose r + 40 = -3*x + 8*x, 0 = 3*x - 2*r - 24. Give v(x).
-6
Suppose 0 = -4*l - 4*m - 32, -3*l + 5*m - 28 = 4. Let p(r) = r**3 + 8*r**2 - 7*r - 2. What is p(l)?
-20
Suppose 0 = -5*z + 110 - 25. Let a(q) = -z + 7*q - 8*q**2 + 9*q**2 + 12. Calculate a(-5).
-15
Suppose 3*p - 8 = -5*f + 34, 4*f = 4*p + 8. Suppose 12 = -4*j + f*j. Let l(m) = -4*m - 5 + 6*m + 0. Determine l(j).
7
Let y(r) = -3*r**2 - 45*r + 2. Let a(d) = d**2 + 15*d. Let x(h) = -7*a(h) - 2*y(h). Give x(-6).
50
Suppose 0 = -4*d, 5*d = -5*f + f - 4. Let g(w) = -w**2 + 2*w - 4. Let z(q) = q**2 - 3*q + 5. Let a(o) = 4*g(o) + 3*z(o). Give a(f).
-1
Let c be (-6)/3 - ((-100)/15 + 4). Let x(s) be the second derivative of -7*s + 0 - c*s**3 - 1/20*s**5 + 3/2*s**2 - 1/2*s**4. Give x(-5).
-2
Let y(a) = -6*a**3 + a**2 + a - 1. Let m(w) = -w**2 - 7*w - 9. Let u be m(-5). Let o(s) = s + 0*s + 0*s. Let p be o(u). Calculate y(p).
-5
Let j(q) = -1 - 260*q**2 + 3 + 261*q**2 + 1. What is j(3)?
12
Let a(r) = r**2 - 9*r - 5. Let g = 119 - 102. Suppose -11 = -4*s + g. Determine a(s).
-19
Let j be 9 - (2 - (-4 - -3)). Let m(h) be the third derivative of 1/12*h**5 + 8*h**2 + 1/12*h**4 + 0*h - 1/120*h**j - 5/6*h**3 + 0. Give m(5).
5
Let i(v) = v**2 + 2*v + 1. Let x = -290 + 286. What is i(x)?
9
Let u = -21 + 16. Let k(o) be the third derivative of o**6/720 - o**5/120 - o**4/4 - o**2. Let a(j) be the second derivative of k(j). Calculate a(u).
-6
Let a(m) = m**3 + m**2 + 2*m + 14. Let g(x) = 8*x - 400. Let n be g(50). What is a(n)?
14
Let l(s) = s - 3. Let y(d) = 13*d - 2. Let w(o) = -2*l(o) + y(o). Determine w(-2).
-18
Suppose -6 = -3*k - 0. Let v(s) = s**k + 2*s - 7*s - 5 + 3*s**2 - 3*s**2. Let u(i) = i**2 - 4*i + 1. Let z be u(5). Give v(z).
1
Let t = -254 - -259. Let u(o) = -4 + 2*o**2 + o - 3*o**2 - 3 + 4*o. Give u(t).
-7
Let s = -3 + 31. Suppose 27*j + 2 = s*j. Let h(p) = -p - 3 + p**j + 4 + 5. What is h(0)?
6
Suppose -3*p - 5*h = -14, -5*p + 0 = -h - 14. Suppose -5*a + 1 = -9. Let k(z) = 2*z**2 - 3 - 4*z**2 + 3*z**a. Determine k(p).
6
Let i(p) be the third derivative of p**5/60 + p**4/12 - p**3/2 - 35*p**2. Calculate i(2).
5
Let x(q) be the third derivative of q**5/30 - q**4/24 - q**3/2 + 2*q**2. Let r(d) = -d**2 + 84*d - 605. Let y be r(8). Determine x(y).
12
Let o = 102 + -99. Suppose q = 3*s - 12, 0 = -3*s + 3*q + o + 9. Let x(n) = -n**3 + 2*n**2 + 4*n + 5. Determine x(s).
-11
Let c(t) = 2*t**3 + 2*t**2 + 3*t + 3. Let i = 1 + -2. Suppose 0 = 4*q + 8. Let s be -1 + i*q/(-2). Give c(s).
-11
Let o(a) be the third derivative of -a**5/60 + a**2. Let d(s) = -2*s**2 - 13*s - 15. Let v be d(-2). What is o(v)?
-9
Suppose -f + 5*l = -22, 3*f - 34 = 5*l - 8. Let j(c) = 2*c**f - 344*c - 4 + 3*c**2 + 342*c - c**3. Give j(3).
8
Let i(l) be the first derivative of l**3/3 - 2*l**2 - 6*l - 1. Suppose -2*k - 28 = -7*k + 3*y, 0 = 2*k + 4*y - 32. Suppose 8 = -k*d + 48. Calculate i(d).
-1
Let l(v) = 3*v**2 - v + 1. Suppose 22*n = 5*n + 34. Determine l(n).
11
Suppose 4*x - 4 = 0, 5 - 12 = -2*d + 5*x. Suppose 0*v = 2*v + d. Let i(r) be the first derivative of r**4/4 + r**3/3 - 2*r**2 - 3*r - 906. What is i(v)?
-9
Let l(f) = f**2 + 3*f. Let h(r) = 2*r - 4*r - r + 11 + 2*r. Let w be ((-3)/1)/((-6)/28). Let g be h(w). Determine l(g).
0
Let h(n) = -3*n - 8*n + 16*n - 56 - 12*n. Give h(-7).
-7
Suppose 8*r - 3*r - 30 = 0. Let s(a) = -a**2 - 1 - 4*a + 2*a**2 + a + r. Let u = -4 + 8. What is s(u)?
9
Let g(z) be the second derivative of z**3 - 5*z**2 + 576*z. Calculate g(2).
2
Let b(j) = -10*j**3 - 44 - 10*j**3 + 27*j**3 + 45 - j**2. Calculate b(-1).
-7
Let t(q) = -q**3 + 3*q**2 + q + 5. Let i = -305 + 309. What is t(i)?
-7
Let q(t) = -t**3 + 5*t**2 + 5. Let a be 5 - (-4 + -1 + 4). Suppose b - a*b - 3*z + 35 = 0, 2*z = -b + 14. Calculate q(b).
21
Let q(w) be the first derivative of 7*w**2/2 - 7*w - 198. Calculate q(-5).
-42
Let q(r) be the third derivative of 0 - 1/6*r**3 - 8*r**2 - 1/20*r**5 - 1/120*r**6 - 1/8*r**4 + 0*r. Give q(-2).
1
Let u(x) be the second derivative of x**7/2520 - x**6/360 + x**5/120 + x**4/12 - 3*x. Let l(f) be the third derivative of u(f). Give l(1).
0
Let n(b) = b**2 - 5*b + 6. Let t = -29 - -75. Let w be (-24)/(-60) - t/(-10). Calculate n(w).
6
Let l(n) = 8*n + 20*n**2 - 5*n**2 - 16*n**2 - 10. What is l(7)?
-3
Let l(b) = -b**3 - 7*b**2 + 6*b - 2. Let d(x) = -x - 21. Let a be d(-13). What is l(a)?
14
Let y(u) = -5*u**2 - 12*u - 30. Let a(v) = -v**2 - 3*v - 7. Let q(o) = -9*a(o) + 2*y(o). Determine q(3).
3
Let h(x) = -x - 7. Let m be h(-10). Suppose 4*n - 5 = m*n. Let j(r) be the second derivative of r**3/6 - r**2 + 3*r. Calculate j(n).
3
Let u(j) be the second derivative of -j**4/24 + 3*j**3/2 - j**2 + j. Let o(g) be the first derivative of u(g). Let w = 291 + -285. Give o(w).
3
Suppose 5*z + 26 = 1. Suppose 0 = -m + 2. Let n(f) = -f - 20*f**2 + 26*f**m + 5*f + f**3 + 5. What is n(z)?
10
Let c = -41 - -43. Let t(h) = 32 + h**2 - 8*h - 38 - 2*h**c. Give t(-6).
6
Let y(b) = -b**2 - 5*b + 9. Let m = -38 - -45. Suppose -2*u - m = -o + 2*o, 0 = u. Determine y(o).
-5
Let q = -841 - -841. Let o(l) = 3*l - l - l - 2. Calculate o(q).
-2
Suppose -9 = g - 5, -s - 5*g = 17. Suppose -c + 2*c - 2 = 0. Let l(p) = 4*p + 0*p**2 + 2*p**c - 9*p + 3. Calculate l(s).
6
Let t(p) = 3*p**2 - p - 6. Let g(o) = -o**2 + o + 2. Let u(n) = -7*g(n) - 2*t(n). Give u(4).
-6
Let l(s) = 11*s + 1. Let a be 4 - 1 - 7 - 4. Let f be a/(-6)*(6 + 45/(-10)). What is l(f)?
23
Let y(h) = -h + 10. Let x be y(1). Let d(z) = -z**3 + 10*z**2 - 8*z - 4. Give d(x).
5
Let m = -30 + 26. Let i(g) = 2*g**3 + 6*g**2 + 3*g. What is i(m)?
-44
Let k(p) be the first derivative of -p**4/4 - 5*p**3/3 + 3*p**2 + p - 788. Let v(s) = 5*s - 1. Let o be v(-1). Give k(o).
1
Let p(u) = -19*u + 8 + 17*u + 7. Let o be p(10). Let m(q) = -q**2 - 8*q - 7. Determine m(o).
8
Let q be (1 - 1) + (-3 - -4). Suppose q + 11 = 4*n. Let m(d) be the third derivative of d**4/12 + d**3/3 + 34*d**2 + 2. Give m(n).
8
Let f(o) = o**3 + o**2 + 4*o - 3. Let q(c) = c**3 - c**2 + 4*c - 4. Let t(z) = -3*f(z) + 2*q(z). Give t(-3).
-5
Let k(c) be the first derivative of -3*c**4 + c + c**2 + 2/3*c**3 + 19. What is k(-1)?
13
Let b(y) = 7*y - 1. Let q(x) = -20*x + 3. Let k(l) = -17*b(l) - 6*q(l). What is k(3)?
2
Let b be 6/(-10)*80/16. Let w(m) = -4*m - 1. Let z(y) = 17*y + 5. Suppose 4*j = -0*j + 36. Let i(r) = j*w(r) + 2*z(r). What is i(b)?
7
Let p be -1*(-15)/(-5) + (-2 - 3). Let a(k) = -k**3 - 9*k**2 - 5*k + 5. Give a(p).
-19
Let o(m) be the third derivative of -m**7/2520 + m**6/144 + 43*m**5/60 + 7*m**2 - 2*m. Let r(w) be the third derivative of o(w). Calculate r(0).
5
Let a(c) = -3*c + 1. Let x(t) = 22*t - 5. Let f(q) = -5*a(q) - x(q). Give f(-2).
14
Suppose 3*b = -b + 8. Let s(a) = -3*a**2 + 5*a + 7. Let p(w) = w**2 - 2*w - 3. Let l(f) = 5*p(f) + 2*s(f). Calculate l(b).
-5
Let m(r) = r**3 + 7*r**2 + 12*r - 1. Suppose 34*y = 54*y + 100. Determine m(y).
-11
Let a(c) = -c + 8. Let q be a(6). Suppose -q*s = -5*s. Let t(x) = -x + 1. What is t(s)?
1
Let f(n) = 10*n**3 + 7*n**2 + 4*n - 13. Let r(p) = p**3 + p**2 + p - 2. Let g(b) = -f(b) + 6*r(b). Determine g(-2).
25
Let l(z) = 0*z - 4*z - 3*z**2 + 4*z**2 - 2*z. Let u(o) = -2*o + 5. Let t be u(0). Let c = t - -1. Determine l(c).
0
Let r(f) be the third derivative of f**4/12 - 2*f**3/3 - 17*f**2 + 3*f. Give r(-3).
-10
Suppose 4*t - 17*t + 104 = 0. Let q(s) = s**3 - 7*s**2 - 9*s - 10. Determine q(t).
-18
Let o(h) = h**2 - 27*h - 123. Let t be o(31). Let p(a) = -a**2 - 3*a + 2. What is p(t)?
-2
Let j = 76 + -75. Let c be (6*3/30)/(j/5). Let u(s) = s**2